{"id":4641,"date":"2025-04-09T18:23:49","date_gmt":"2025-04-09T21:23:49","guid":{"rendered":"https:\/\/massin.com.ar\/?post_type=product&#038;p=4641"},"modified":"2025-10-16T20:12:07","modified_gmt":"2025-10-16T23:12:07","slug":"suzuki-df9-9b","status":"publish","type":"product","link":"https:\/\/massin.com.ar\/index.php\/producto\/suzuki-df9-9b\/","title":{"rendered":"C-SUZUKI DF9.9B"},"content":{"rendered":"<pre id=\"tw-target-text\" class=\"tw-data-text tw-text-large tw-ta\" dir=\"ltr\" data-placeholder=\"Traducci\u00f3n\" data-ved=\"2ahUKEwjEzNvY6suMAxVTqpUCHQ9vB2wQ3ewLegQICRAV\" aria-label=\"Texto traducido: Color de la carrocer\u00eda Negro Nebular Perlado o Blanco Altura recomendada del espejo de popa (pulgadas) L: 20&quot; X: 25&quot; Sistema de arranque El\u00e9ctrico: L y X Peso en libras El\u00e9ctrico L: 108 X: 120 Tipo de motor SOHC de 4 v\u00e1lvulas Sistema de suministro de combustible Inyecci\u00f3n electr\u00f3nica de combustible con mezcla pobre N.\u00b0 de cilindros 2 Cilindrada (pulgadas) 20.0 (327) Di\u00e1metro x Carrera (pulgadas) 2.38 x 2.24 (60.4 x 57) Potencia m\u00e1xima (HP) 9.9 Rango de funcionamiento (RPM) 4700 - 5700 Direcci\u00f3n Remota: L: Remota X: Remota Estrujador N\/A - Suzuki EFI Capacidad del c\u00e1rter de aceite (cuartos de gal\u00f3n) 1.06 (1.0) Sistema de encendido Digital CDI Alternador El\u00e9ctrico 12 V 12 A Posici\u00f3n de compensaci\u00f3n 5 posiciones de pasador de inclinaci\u00f3n y 2 ajustes de propulsi\u00f3n para aguas poco profundas \/ Modelo con inclinaci\u00f3n el\u00e9ctrica opcional Relaci\u00f3n de transmisi\u00f3n 2,08:1 H\u00e9lice est\u00e1ndar 4 x 10 x 5 Selecci\u00f3n de h\u00e9lice 7 - 11\"><strong><span class=\"Y2IQFc\" lang=\"es\"> Sistema de arranque : El\u00e9ctrico\r\n Peso :39 kg\r\n cilindros : 2\r\n Tipo de motor : 4T\r\n Potencia M\u00e1xima :HP) 9.9 \r\n \r\n\r\n\r\n<\/span><\/strong><\/pre>\n","protected":false},"excerpt":{"rendered":"<p>Sistema de arranque : El\u00e9ctrico Peso :39 kg cilindros : 2 Tipo de motor : 4T Potencia M\u00e1xima :HP) 9.9<\/p>\n","protected":false},"featured_media":4642,"template":"","meta":{"site-sidebar-layout":"default","site-content-layout":"","ast-site-content-layout":"default","site-content-style":"default","site-sidebar-style":"default","ast-global-header-display":"","ast-banner-title-visibility":"","ast-main-header-display":"","ast-hfb-above-header-display":"","ast-hfb-below-header-display":"","ast-hfb-mobile-header-display":"","site-post-title":"","ast-breadcrumbs-content":"","ast-featured-img":"","footer-sml-layout":"","ast-disable-related-posts":"","theme-transparent-header-meta":"default","adv-header-id-meta":"","stick-header-meta":"default","header-above-stick-meta":"","header-main-stick-meta":"","header-below-stick-meta":"","astra-migrate-meta-layouts":"set","ast-page-background-enabled":"default","ast-page-background-meta":{"desktop":{"background-color":"","background-image":"","background-repeat":"repeat","background-position":"center center","background-size":"auto","background-attachment":"scroll","background-type":"","background-media":"","overlay-type":"","overlay-color":"","overlay-opacity":"","overlay-gradient":""},"tablet":{"background-color":"","background-image":"","background-repeat":"repeat","background-position":"center center","background-size":"auto","background-attachment":"scroll","background-type":"","background-media":"","overlay-type":"","overlay-color":"","overlay-opacity":"","overlay-gradient":""},"mobile":{"background-color":"","background-image":"","background-repeat":"repeat","background-position":"center center","background-size":"auto","background-attachment":"scroll","background-type":"","background-media":"","overlay-type":"","overlay-color":"","overlay-opacity":"","overlay-gradient":""}},"ast-content-background-meta":{"desktop":{"background-color":"var(--ast-global-color-5)","background-image":"","background-repeat":"repeat","background-position":"center center","background-size":"auto","background-attachment":"scroll","background-type":"","background-media":"","overlay-type":"","overlay-color":"","overlay-opacity":"","overlay-gradient":""},"tablet":{"background-color":"var(--ast-global-color-5)","background-image":"","background-repeat":"repeat","background-position":"center center","background-size":"auto","background-attachment":"scroll","background-type":"","background-media":"","overlay-type":"","overlay-color":"","overlay-opacity":"","overlay-gradient":""},"mobile":{"background-color":"var(--ast-global-color-5)","background-image":"","background-repeat":"repeat","background-position":"center center","background-size":"auto","background-attachment":"scroll","background-type":"","background-media":"","overlay-type":"","overlay-color":"","overlay-opacity":"","overlay-gradient":""}}},"product_brand":[],"product_cat":[124],"product_tag":[],"class_list":{"0":"post-4641","1":"product","2":"type-product","3":"status-publish","4":"has-post-thumbnail","6":"product_cat-4-tiempos-suzuki","7":"desktop-align-center","8":"tablet-align-left","9":"mobile-align-left","11":"first","12":"instock","13":"shipping-taxable","14":"product-type-simple"},"jetpack_sharing_enabled":true,"_links":{"self":[{"href":"https:\/\/massin.com.ar\/index.php\/wp-json\/wp\/v2\/product\/4641","targetHints":{"allow":["GET"]}}],"collection":[{"href":"https:\/\/massin.com.ar\/index.php\/wp-json\/wp\/v2\/product"}],"about":[{"href":"https:\/\/massin.com.ar\/index.php\/wp-json\/wp\/v2\/types\/product"}],"wp:featuredmedia":[{"embeddable":true,"href":"https:\/\/massin.com.ar\/index.php\/wp-json\/wp\/v2\/media\/4642"}],"wp:attachment":[{"href":"https:\/\/massin.com.ar\/index.php\/wp-json\/wp\/v2\/media?parent=4641"}],"wp:term":[{"taxonomy":"product_brand","embeddable":true,"href":"https:\/\/massin.com.ar\/index.php\/wp-json\/wp\/v2\/product_brand?post=4641"},{"taxonomy":"product_cat","embeddable":true,"href":"https:\/\/massin.com.ar\/index.php\/wp-json\/wp\/v2\/product_cat?post=4641"},{"taxonomy":"product_tag","embeddable":true,"href":"https:\/\/massin.com.ar\/index.php\/wp-json\/wp\/v2\/product_tag?post=4641"}],"curies":[{"name":"wp","href":"https:\/\/api.w.org\/{rel}","templated":true}]}}