{"id":4647,"date":"2025-04-09T19:54:21","date_gmt":"2025-04-09T22:54:21","guid":{"rendered":"https:\/\/massin.com.ar\/?post_type=product&#038;p=4647"},"modified":"2025-10-16T20:04:39","modified_gmt":"2025-10-16T23:04:39","slug":"suzuki-df2-5a","status":"publish","type":"product","link":"https:\/\/massin.com.ar\/index.php\/producto\/suzuki-df2-5a\/","title":{"rendered":"A-SUZUKI DF2.5A"},"content":{"rendered":"<pre id=\"tw-target-text\" class=\"tw-data-text tw-text-large tw-ta\" dir=\"ltr\" data-placeholder=\"Traducci\u00f3n\" data-ved=\"2ahUKEwic2fu3hcyMAxX3rJUCHbM8LxIQ3ewLegQICxAV\" aria-label=\"Texto traducido: Color de la carrocer\u00eda Negro Nebular Perlado Altura recomendada del espejo de popa (pulgadas) S: 15 Sistema de arranque Manual Peso en libras S: 29 Tipo de motor DOV de 2 v\u00e1lvulas Sistema de suministro de combustible Carburador N.\u00b0 de cilindros 1 Cilindrada (pulgadas) 4.1 (68) Di\u00e1metro x carrera (pulgadas) 1.89 x 1.50 (48 x 38) Potencia m\u00e1xima (HP) 2.5 Rango de funcionamiento (RPM) 5250 - 5750 Direcci\u00f3n Ca\u00f1a del tim\u00f3n Estrujador Manual Capacidad del c\u00e1rter de aceite (litros) 0.32 (0.3) Sistema de encendido CDI digital Alternador N\/A Posici\u00f3n de compensaci\u00f3n 4 posiciones del pasador de inclinaci\u00f3n Relaci\u00f3n de transmisi\u00f3n 2.15:1 H\u00e9lice est\u00e1ndar 3 x 7.5 x 5.5 Selecci\u00f3n de la h\u00e9lice N\/A\"><strong><span class=\"Y2IQFc\" lang=\"es\">Sistema de arranque : Manual \r\nPeso : 14 kg\r\nTipo de motor 4T.\r\nCilindro   1\r\nPotencia m\u00e1xima (HP)2.5\r\n\r\n\r\n\r\n\r\n\r\n<\/span><\/strong><\/pre>\n","protected":false},"excerpt":{"rendered":"<p>Sistema de arranque : Manual Peso : 14 kg Tipo de motor 4T. Cilindro 1 Potencia m\u00e1xima (HP)2.5<\/p>\n","protected":false},"featured_media":4648,"template":"","meta":{"site-sidebar-layout":"default","site-content-layout":"","ast-site-content-layout":"default","site-content-style":"default","site-sidebar-style":"default","ast-global-header-display":"","ast-banner-title-visibility":"","ast-main-header-display":"","ast-hfb-above-header-display":"","ast-hfb-below-header-display":"","ast-hfb-mobile-header-display":"","site-post-title":"","ast-breadcrumbs-content":"","ast-featured-img":"","footer-sml-layout":"","ast-disable-related-posts":"","theme-transparent-header-meta":"default","adv-header-id-meta":"","stick-header-meta":"default","header-above-stick-meta":"","header-main-stick-meta":"","header-below-stick-meta":"","astra-migrate-meta-layouts":"set","ast-page-background-enabled":"default","ast-page-background-meta":{"desktop":{"background-color":"","background-image":"","background-repeat":"repeat","background-position":"center center","background-size":"auto","background-attachment":"scroll","background-type":"","background-media":"","overlay-type":"","overlay-color":"","overlay-opacity":"","overlay-gradient":""},"tablet":{"background-color":"","background-image":"","background-repeat":"repeat","background-position":"center center","background-size":"auto","background-attachment":"scroll","background-type":"","background-media":"","overlay-type":"","overlay-color":"","overlay-opacity":"","overlay-gradient":""},"mobile":{"background-color":"","background-image":"","background-repeat":"repeat","background-position":"center center","background-size":"auto","background-attachment":"scroll","background-type":"","background-media":"","overlay-type":"","overlay-color":"","overlay-opacity":"","overlay-gradient":""}},"ast-content-background-meta":{"desktop":{"background-color":"var(--ast-global-color-5)","background-image":"","background-repeat":"repeat","background-position":"center center","background-size":"auto","background-attachment":"scroll","background-type":"","background-media":"","overlay-type":"","overlay-color":"","overlay-opacity":"","overlay-gradient":""},"tablet":{"background-color":"var(--ast-global-color-5)","background-image":"","background-repeat":"repeat","background-position":"center center","background-size":"auto","background-attachment":"scroll","background-type":"","background-media":"","overlay-type":"","overlay-color":"","overlay-opacity":"","overlay-gradient":""},"mobile":{"background-color":"var(--ast-global-color-5)","background-image":"","background-repeat":"repeat","background-position":"center center","background-size":"auto","background-attachment":"scroll","background-type":"","background-media":"","overlay-type":"","overlay-color":"","overlay-opacity":"","overlay-gradient":""}}},"product_brand":[],"product_cat":[124],"product_tag":[],"class_list":{"0":"post-4647","1":"product","2":"type-product","3":"status-publish","4":"has-post-thumbnail","6":"product_cat-4-tiempos-suzuki","7":"desktop-align-center","8":"tablet-align-left","9":"mobile-align-left","11":"first","12":"instock","13":"shipping-taxable","14":"product-type-simple"},"jetpack_sharing_enabled":true,"_links":{"self":[{"href":"https:\/\/massin.com.ar\/index.php\/wp-json\/wp\/v2\/product\/4647","targetHints":{"allow":["GET"]}}],"collection":[{"href":"https:\/\/massin.com.ar\/index.php\/wp-json\/wp\/v2\/product"}],"about":[{"href":"https:\/\/massin.com.ar\/index.php\/wp-json\/wp\/v2\/types\/product"}],"wp:featuredmedia":[{"embeddable":true,"href":"https:\/\/massin.com.ar\/index.php\/wp-json\/wp\/v2\/media\/4648"}],"wp:attachment":[{"href":"https:\/\/massin.com.ar\/index.php\/wp-json\/wp\/v2\/media?parent=4647"}],"wp:term":[{"taxonomy":"product_brand","embeddable":true,"href":"https:\/\/massin.com.ar\/index.php\/wp-json\/wp\/v2\/product_brand?post=4647"},{"taxonomy":"product_cat","embeddable":true,"href":"https:\/\/massin.com.ar\/index.php\/wp-json\/wp\/v2\/product_cat?post=4647"},{"taxonomy":"product_tag","embeddable":true,"href":"https:\/\/massin.com.ar\/index.php\/wp-json\/wp\/v2\/product_tag?post=4647"}],"curies":[{"name":"wp","href":"https:\/\/api.w.org\/{rel}","templated":true}]}}